*3/6 + 443*h**2 - 3. Let z be 6/(-8) - 4/16. Calculate d(z).
7
Let c(v) = 6*v + 38. Let q = 9615 - 9624. Calculate c(q).
-16
Let d(m) = m + 6. Let z(i) = i + 3. Let x(b) = 3*d(b) - 5*z(b). Let h be 114/(-8) - (-84)/(-48). Let q(r) = r + 22. Let k be q(h). Calculate x(k).
-9
Let x(u) = 5*u**3 - u**2. Let d(f) = -f**2 + 14*f - 8. Let g be d(9). Let m = g - 33. Suppose 5*j - m - 1 = 0. Give x(j).
4
Let y = -11901 + 11902. Let h(n) = 8*n**3 + 4*n - 3. Give h(y).
9
Let m = -1883 - -1886. Let f(o) = -6*o + 19. Give f(m).
1
Let x(y) = -50 + 18 + 52 + 5*y + 88 + 19. Determine x(-27).
-8
Let k(i) = -2*i**3 + 2*i**2 + i + 1. Let s = -330 - -350. Let b be (1 + -1)/(2/(-1)). Suppose b*d = -10*d + s. Give k(d).
-5
Let i(g) = -6*g**3 - g - 1. Let s be i(-1). Let v(p) = 11*p + 0 + s*p - 4 - 6*p. Suppose 133*o + 150*o - 849 = 0. Give v(o).
29
Let r(q) = -4*q**2 + 3*q - 1. Let m(n) be the first derivative of 5*n**2 - 107*n + 91. Let i be m(11). Calculate r(i).
-28
Let x(w) = -31*w - 5. Let n(q) = 22*q + 7. Let z(i) = 3*n(i) + 2*x(i). Calculate z(-8).
-21
Let y(i) = 13*i**2 + 7*i - 79. Let a(m) = 15*m**2 + 8*m - 78. Let p(j) = -6*a(j) + 7*y(j). Let r(b) be the first derivative of p(b). Calculate r(-1).
-1
Let t(a) = 94 - 94 - a**2. Let r(q) = q**3 - 14*q**2 - 15*q + 5. Let g be r(15). Suppose -4 = g*k - 9*k. What is t(k)?
-1
Let x(z) be the first derivative of 3*z**2/2 - 10*z + 849. Calculate x(-11).
-43
Let z(f) = -f + 2. Let p be z(21). Let y = p + -2. Let l = y + 23. Let r(b) = b**2 - 3*b + 2. Give r(l).
0
Let v(a) = 26 - 70*a**2 + 11*a**3 - 5*a + 93*a**2 + 5*a. Let w be -2 + 1/1 + 4. Let m(t) = -4*t**3 - 8*t**2 - 9. Let c(n) = w*v(n) + 8*m(n). Give c(-5).
6
Let g(b) be the first derivative of b**4/4 + 3*b**3 + 7*b**2/2 + 8*b - 14668. Suppose 24 = -7*d + 4*d. Determine g(d).
16
Let l = -9159 - -9152. Let j(h) = h**2 - 7*h - 16. Give j(l).
82
Let v(z) = z**2 - 5*z - 4. Let k(b) = -b**2 - 12*b. Let h(p) = 13*p + 3. Let r be h(-1). Let g be k(r). Let a be (-25)/g*-4*(-18)/(-15). Give v(a).
2
Let q(y) = -8*y**3 + 4*y**2 + 5*y + 5. Let v be q(-2). Let t = -9 - v. Let r be t/(-24)*20/7. Let p(u) = -u**2 + 12*u - 15. What is p(r)?
5
Let t(f) = -10*f**2 + 2*f + 5. Let p(n) = -23*n**2 + n + 8. Let w(r) = 3*p(r) - 7*t(r). Calculate w(10).
-21
Let p(k) be the third derivative of -5*k**4/24 - k**3/3 - 3*k**2. Let s = 541 + -793. Let q be 1/14*4 + s/(-147). Determine p(q).
-12
Let l(o) = 4 + 2 + 15*o - 10 + 19 + 2. Give l(-5).
-58
Let a(r) = 6*r**2 + 30*r + 57. Let k(v) be the first derivative of -v**3/3 - 3*v**2 - 11*v + 45. Let d(n) = 2*a(n) + 11*k(n). Calculate d(6).
-7
Let s(r) = 11*r - 80. Let m(w) = -3*w**2 - 127*w - 552. Let h be m(-5). Give s(h).
8
Let g(u) = -u**2 - 13*u + 234 - 264 + 2*u + u. Give g(-12).
-54
Let c(f) = -255*f + 34. Let j(k) = 145*k - 17. Let s(d) = -4*c(d) - 7*j(d). Give s(4).
3
Suppose 3*b + 18*a = 14*a - 4, -39 = 3*b - 3*a. Let z(f) = 2*f**3 + 5 + 4*f**3 - 5*f + 7*f**2 - 5*f**3. Give z(b).
-19
Let a(c) be the third derivative of -c**5/60 - c**4/24 + 11*c**3/6 - c**2 - 6547. Let u be 2/9 - 4/18. Give a(u).
11
Let g(o) = o**3 + 10*o - 10*o**2 - 329 + 633 - 314. Determine g(9).
-1
Suppose -4*n = -2*b + 32, 5*n - 165 = 4*b - 223. Let q(a) be the first derivative of a**2/2 + 3*a - 3. Determine q(b).
15
Let j(h) = -h**3 + h + 1. Let q be 6/(2 + -8) - -27. Suppose 14 = -2*a + 2*s, -s - 3*s = -3*a - q. What is j(a)?
7
Let w(u) = -u**2 - 15*u + 1643 - 1641 - 26*u**3 + 13*u - 109*u**3 + 12*u**3. Calculate w(1).
-124
Suppose 0 = 2*d - 3*l + 3, 7 = l + 4. Let o(z) = -4 + d + 2 - 7*z. Suppose 142*c = -162*c + 17*c - 287. Give o(c).
8
Let u(i) = -80 + 137*i - i**2 - 79 - 268*i + 106*i + 59. Calculate u(-20).
0
Let m(y) = -239*y**2 - 5018*y + 28. Let t be m(-21). Let r = 0 + 2. Let d(s) = 0 + 2 - 8*s + s**r + 4. Calculate d(t).
-1
Let t(u) = -u**2 - 14*u + 27. Let w be ((-141)/94)/(15/160). Determine t(w).
-5
Let k(i) be the third derivative of i**4/6 + i**3/2 - 474*i**2 + 3*i - 1. Let b = 8 + -11. What is k(b)?
-9
Let l = 194 - 183. Suppose 0 = -l*y + 20 - 9. Let p(u) be the second derivative of -3*u**3 - u**2/2 - 2*u. Determine p(y).
-19
Let q(y) = -y**3 + 13*y**2 + 18*y + 175. Let h(d) = -d**3 - 72*d**2 - 182*d + 1740. Let u be h(-69). Give q(u).
-5
Let m(i) = 6*i**2 + 3*i + 1. Let r(k) = -k**3 + 8*k**2 + 57*k - 42. Let c be r(-5). What is m(c)?
19
Let s(y) = -y**3 + 7*y**2 - y + 4. Let c(r) = r**2 + r - 4. Let i = 62 - 65. Let t be c(i). Suppose t*x = -x + 21. Determine s(x).
-3
Let l(z) = 4*z**3 - 8*z**2 - 6*z + 1. Let v(k) = 3*k**3 - 7*k**2 - 6*k. Let i(a) = 2*l(a) - 3*v(a). Let f be ((-3)/(-3) - -13) + 16*1/(-2). Determine i(f).
2
Suppose -32*u + 150 + 27 + 47 = 0. Let p(i) = 5*i**2 - 19*i - 5. Calculate p(u).
107
Let n(p) = -4*p**2 + 24*p - 21. Suppose 0*g + 95*g + 93 = 568. Determine n(g).
-1
Let o(d) be the first derivative of -d**3/6 - 6*d**2 - 5*d - 13. Let a(q) be the first derivative of o(q). Let c = -103 - -96. Calculate a(c).
-5
Let b(f) = -f**3 - 4*f**2 + 22*f - 9. Let n(v) = -2*v**3 - 3*v**2 + 5*v - 7. Let p be n(0). Determine b(p).
-16
Let c be ((-30)/9)/(4/6). Let s(a) be the second derivative of 1/2*a**2 + 35*a + 0 + 1/2*a**3. What is s(c)?
-14
Let c = 1184 - 1152. Let o be (52/(-16))/((-2)/8). Let r(v) = c - v - 21 - 2*v - o. Calculate r(-5).
13
Let h(t) = -t + 2. Let i be h(1). Let r(j) = 0 - i + 0 + j. Let c be -1*(1 - 0/6). What is r(c)?
-2
Let k(v) = 0*v - 3 + v - 2*v. Let u = 107 - 83. Suppose 38*t - u = 41*t. Give k(t).
5
Let x(m) = -m**2 + 2. Let d = 2773 - 2770. Let r(l) = -4 + 2*l**2 + l + 2*l - 2*l. Let p(w) = d*r(w) + 5*x(w). Calculate p(-5).
8
Let q be 1 + 27/(-18) + 1. Let w(p) be the second derivative of q*p**2 - 9*p + 0 - 1/6*p**3. Give w(8).
-7
Suppose 18*j = -3*j + 63. Let p(m) = -2*m**2 - 8*m + 3*m + 4*m - j + 4. Calculate p(-3).
-14
Let d(f) = 2*f**2 + 21*f - 9. Suppose -287*a - 1982 = 1175. Give d(a).
2
Let x(r) = -r**3 + 12*r**2 - 12*r - 9. Let h be x(11). Let o = h + 20. Let z be (1 - 2/(-1)) + o. Let f(u) = -u**2 + 3*u - 1. What is f(z)?
-1
Let t be (28/(-6))/(13/1 - (-170)/(-12)). Let s(c) = -66*c + 267. Calculate s(t).
3
Suppose -5*c + 4*t = -856, -62 - 277 = -2*c + 5*t. Suppose 178*b = c*b + 54. Let z(y) = -y**3 + 10*y**2 - 9*y - 6. Determine z(b).
-6
Let x(n) = -n**2 + 141*n + 372. Let c(h) = 13*h + 34. Let t(z) = 23*c(z) - 2*x(z). Determine t(-6).
8
Let v = 582 + 111. Let i(o) = o**3 - 4*o + v*o**2 - 693*o**2 + 3*o - 6. Let f = -27 - -27. Determine i(f).
-6
Let q(h) = 7*h**2 + 63*h - 1. Suppose -558 = 602*r - 540*r. What is q(r)?
-1
Let k(d) = -6*d**2 - 77*d - 2. Suppose u + 3 = -2*w, -u + 0*w = w + 8. What is k(u)?
-15
Let d(o) = o**2 + 15*o + 52. Let m be d(-10). Let w(f) be the third derivative of -f**4/8 + f**3/2 - 2*f**2 - 23. Calculate w(m).
-3
Let t(g) be the third derivative of 1/6*g**3 - 7/8*g**4 + 26 + 0*g + 2*g**2. Calculate t(-2).
43
Let v(w) = w**3 + 7*w**2 + 6*w - 7. Let n(u) = -u**2 - 8*u - 7. Let s be n(-6). Suppose -14*j = -16*j + 3*b - 25, 0 = -3*j - 4*b + s. Determine v(j).
13
Let x be 9/(0 + -3) + 3. Let o(t) be the first derivative of t**5/20 - t**4/12 + 9*t**2 + 31*t - 69. Let r(s) be the first derivative of o(s). Give r(x).
18
Let o(m) = m + 55. Let f(x) = -x**3 + 12*x**2 + 62*x - 263. Let z be f(15). What is o(z)?
47
Let q(a) = -a**3 - 9*a**2 - 9*a + 9. Let c(j) = 107*j**3 - j**2 + j. Let f be c(1). Suppose 51 = 7*m + f. Determine q(m).
17
Let x(z) = -155*z + 21*z - 73 - 18 + 123*z. What is x(-9)?
8
Let l be 4*8/32 + 1. Let g(o) = 605 - 594 + o**2 + o**l + 35*o. What is g(-17)?
-6
Let a(c) be the first derivative of 14*c**2 + 5*c + 16*c**2 + 6*c**2 + 81 - 35*c**2. Determine a(-6).
-7
Let w = -9 - -212. Let i = -128 + w. Let c(q) = -35*q + 3*q**2 + 2 - q**3 - 39*q + i*q. Calculate c(4).
-10
Let n(a) be the first derivative of -a**3/3 + 15*a**2 + 34*a - 724. What is n(31)?
3
Let h(p) be the second derivative of 11/6*p**3 - 25 - 1/12*p**4 - 11/2*p**2 - 2*p. Determine h(9).
7
Let a(d) = 531*d**2 + 14*d - d**3 - 1074*d**2 + 0*d + d + 540*d**2 - 4. Give a(-6).
14
Let j(p) = -3*p**2 - 10*p - 1 - 7*p**3 - 9 - 5*p**3 + 9*p**3 + 5*p**3. Determine j(-3).
-61
Let l = -10540 + 10532. Let z(y) = -17*y - 154. Determine z(l).
-18
Let p(y) = 15*y - 4. Suppose 0*q + 8*q - 40 = 0. Let o(n) = -13*n